{"id":52,"date":"2024-09-25T19:13:37","date_gmt":"2024-09-25T19:13:37","guid":{"rendered":"https:\/\/frednogier.com\/?page_id=52"},"modified":"2024-10-24T19:01:17","modified_gmt":"2024-10-24T19:01:17","slug":"about","status":"publish","type":"page","link":"https:\/\/frednogier.com\/?page_id=52","title":{"rendered":"About"},"content":{"rendered":"\n<div class=\"wp-block-columns is-layout-flex wp-container-core-columns-is-layout-9d6595d7 wp-block-columns-is-layout-flex\">\n<div class=\"wp-block-column is-layout-flow wp-block-column-is-layout-flow\">\n<figure class=\"wp-block-image size-large is-resized is-style-default\"><img loading=\"lazy\" decoding=\"async\" width=\"768\" height=\"1024\" src=\"https:\/\/frednogier.com\/wp-content\/uploads\/2024\/09\/11_SHADOW_Fred_Nogier255-768x1024.jpg\" alt=\"\" class=\"wp-image-69\" style=\"width:545px;height:auto\" srcset=\"https:\/\/frednogier.com\/wp-content\/uploads\/2024\/09\/11_SHADOW_Fred_Nogier255-768x1024.jpg 768w, https:\/\/frednogier.com\/wp-content\/uploads\/2024\/09\/11_SHADOW_Fred_Nogier255-225x300.jpg 225w, https:\/\/frednogier.com\/wp-content\/uploads\/2024\/09\/11_SHADOW_Fred_Nogier255-1152x1536.jpg 1152w, https:\/\/frednogier.com\/wp-content\/uploads\/2024\/09\/11_SHADOW_Fred_Nogier255.jpg 1500w\" sizes=\"auto, (max-width: 768px) 100vw, 768px\" \/><figcaption class=\"wp-element-caption\">Nice \u2013 April 2023<\/figcaption><\/figure>\n<\/div>\n\n\n\n<div class=\"wp-block-column is-layout-flow wp-block-column-is-layout-flow\">\n<p style=\"font-style:normal;font-weight:400\">Perhaps it\u2019s because of Provence\u2019s inimitable play of light and colour that Fred Nogier discovered a passion for photography at an early age. Growing up in the Arles region of southern France, he studied visual arts, art history and literature in N\u00eemes. His knowledge of images and communication was deepened when he graduated from the Haute \u00e9cole des Arts D\u00e9coratifs in Geneva with a specialisation in visual communication. His professional career has taken him to work as an art director in advertising agencies in Geneva, Basel and Zurich. Photography has long been his creative companion. Even today, he fills this space of freedom with images that he captures in the labyrinth of the streets. During long walks, this urban explorer, as he likes to call it, immerses himself in the city, loses himself in it and discovers it from a new angle. It is in the context of this process that ideas are born for short Happenings that transform everyday life and create a dialogue between his shadow and his environment.<\/p>\n<\/div>\n<\/div>\n\n\n\n<p class=\"has-text-align-left\"><\/p>\n\n\n\n<p><\/p>\n","protected":false},"excerpt":{"rendered":"<p>Perhaps it\u2019s because of Provence\u2019s inimitable play of light and colour that Fred Nogier discovered a passion for photography at an early age. Growing up in the Arles region of southern France, he studied visual arts, art history and literature in N\u00eemes. His knowledge of images and communication was deepened when he graduated from the [&hellip;]<\/p>\n","protected":false},"author":1,"featured_media":69,"parent":0,"menu_order":0,"comment_status":"closed","ping_status":"closed","template":"","meta":{"footnotes":""},"class_list":["post-52","page","type-page","status-publish","has-post-thumbnail","hentry"],"yoast_head":"<!-- This site is optimized with the Yoast SEO plugin v25.8 - https:\/\/yoast.com\/wordpress\/plugins\/seo\/ -->\n<title>About - It\u2019s playtime.<\/title>\n<meta name=\"description\" content=\"Fred Nogier is a street photographer whose particularity is that he stages his shadow in small happenings.\" \/>\n<meta name=\"robots\" content=\"index, follow, max-snippet:-1, max-image-preview:large, max-video-preview:-1\" \/>\n<link rel=\"canonical\" href=\"https:\/\/frednogier.com\/?page_id=52\" \/>\n<meta property=\"og:locale\" content=\"en_US\" \/>\n<meta property=\"og:type\" content=\"article\" \/>\n<meta property=\"og:title\" content=\"About - It\u2019s playtime.\" \/>\n<meta property=\"og:description\" content=\"Fred Nogier is a street photographer whose particularity is that he stages his shadow in small happenings.\" \/>\n<meta property=\"og:url\" content=\"https:\/\/frednogier.com\/?page_id=52\" \/>\n<meta property=\"og:site_name\" content=\"It\u2019s playtime.\" \/>\n<meta property=\"article:modified_time\" content=\"2024-10-24T19:01:17+00:00\" \/>\n<meta property=\"og:image\" content=\"https:\/\/frednogier.com\/wp-content\/uploads\/2024\/10\/Titelseite.jpg\" \/>\n\t<meta property=\"og:image:width\" content=\"900\" \/>\n\t<meta property=\"og:image:height\" content=\"900\" \/>\n\t<meta property=\"og:image:type\" content=\"image\/jpeg\" \/>\n<meta name=\"twitter:card\" content=\"summary_large_image\" \/>\n<meta name=\"twitter:label1\" content=\"Est. reading time\" \/>\n\t<meta name=\"twitter:data1\" content=\"2 minutes\" \/>\n<script type=\"application\/ld+json\" class=\"yoast-schema-graph\">{\"@context\":\"https:\/\/schema.org\",\"@graph\":[{\"@type\":\"WebPage\",\"@id\":\"https:\/\/frednogier.com\/?page_id=52\",\"url\":\"https:\/\/frednogier.com\/?page_id=52\",\"name\":\"About - It\u2019s playtime.\",\"isPartOf\":{\"@id\":\"https:\/\/frednogier.com\/#website\"},\"primaryImageOfPage\":{\"@id\":\"https:\/\/frednogier.com\/?page_id=52#primaryimage\"},\"image\":{\"@id\":\"https:\/\/frednogier.com\/?page_id=52#primaryimage\"},\"thumbnailUrl\":\"https:\/\/frednogier.com\/wp-content\/uploads\/2024\/09\/11_SHADOW_Fred_Nogier255.jpg\",\"datePublished\":\"2024-09-25T19:13:37+00:00\",\"dateModified\":\"2024-10-24T19:01:17+00:00\",\"description\":\"Fred Nogier is a street photographer whose particularity is that he stages his shadow in small happenings.\",\"breadcrumb\":{\"@id\":\"https:\/\/frednogier.com\/?page_id=52#breadcrumb\"},\"inLanguage\":\"en-US\",\"potentialAction\":[{\"@type\":\"ReadAction\",\"target\":[\"https:\/\/frednogier.com\/?page_id=52\"]}]},{\"@type\":\"ImageObject\",\"inLanguage\":\"en-US\",\"@id\":\"https:\/\/frednogier.com\/?page_id=52#primaryimage\",\"url\":\"https:\/\/frednogier.com\/wp-content\/uploads\/2024\/09\/11_SHADOW_Fred_Nogier255.jpg\",\"contentUrl\":\"https:\/\/frednogier.com\/wp-content\/uploads\/2024\/09\/11_SHADOW_Fred_Nogier255.jpg\",\"width\":1500,\"height\":2000,\"caption\":\"Nice\"},{\"@type\":\"BreadcrumbList\",\"@id\":\"https:\/\/frednogier.com\/?page_id=52#breadcrumb\",\"itemListElement\":[{\"@type\":\"ListItem\",\"position\":1,\"name\":\"Home\",\"item\":\"https:\/\/frednogier.com\/\"},{\"@type\":\"ListItem\",\"position\":2,\"name\":\"About\"}]},{\"@type\":\"WebSite\",\"@id\":\"https:\/\/frednogier.com\/#website\",\"url\":\"https:\/\/frednogier.com\/\",\"name\":\"Fred Nogier Photography\",\"description\":\"Fred Nogier, urban explorer and photographer.\",\"publisher\":{\"@id\":\"https:\/\/frednogier.com\/#\/schema\/person\/5ead4831fd8b3f01cf94047adcd6d961\"},\"alternateName\":\"It\u2019s playtime\",\"potentialAction\":[{\"@type\":\"SearchAction\",\"target\":{\"@type\":\"EntryPoint\",\"urlTemplate\":\"https:\/\/frednogier.com\/?s={search_term_string}\"},\"query-input\":{\"@type\":\"PropertyValueSpecification\",\"valueRequired\":true,\"valueName\":\"search_term_string\"}}],\"inLanguage\":\"en-US\"},{\"@type\":[\"Person\",\"Organization\"],\"@id\":\"https:\/\/frednogier.com\/#\/schema\/person\/5ead4831fd8b3f01cf94047adcd6d961\",\"name\":\"admin\",\"image\":{\"@type\":\"ImageObject\",\"inLanguage\":\"en-US\",\"@id\":\"https:\/\/frednogier.com\/#\/schema\/person\/image\/\",\"url\":\"https:\/\/frednogier.com\/wp-content\/uploads\/2024\/09\/Logo.jpg\",\"contentUrl\":\"https:\/\/frednogier.com\/wp-content\/uploads\/2024\/09\/Logo.jpg\",\"width\":150,\"height\":150,\"caption\":\"admin\"},\"logo\":{\"@id\":\"https:\/\/frednogier.com\/#\/schema\/person\/image\/\"},\"sameAs\":[\"https:\/\/frednogier.com\"]}]}<\/script>\n<!-- \/ Yoast SEO plugin. -->","yoast_head_json":{"title":"About - It\u2019s playtime.","description":"Fred Nogier is a street photographer whose particularity is that he stages his shadow in small happenings.","robots":{"index":"index","follow":"follow","max-snippet":"max-snippet:-1","max-image-preview":"max-image-preview:large","max-video-preview":"max-video-preview:-1"},"canonical":"https:\/\/frednogier.com\/?page_id=52","og_locale":"en_US","og_type":"article","og_title":"About - It\u2019s playtime.","og_description":"Fred Nogier is a street photographer whose particularity is that he stages his shadow in small happenings.","og_url":"https:\/\/frednogier.com\/?page_id=52","og_site_name":"It\u2019s playtime.","article_modified_time":"2024-10-24T19:01:17+00:00","og_image":[{"width":900,"height":900,"url":"https:\/\/frednogier.com\/wp-content\/uploads\/2024\/10\/Titelseite.jpg","type":"image\/jpeg"}],"twitter_card":"summary_large_image","twitter_misc":{"Est. reading time":"2 minutes"},"schema":{"@context":"https:\/\/schema.org","@graph":[{"@type":"WebPage","@id":"https:\/\/frednogier.com\/?page_id=52","url":"https:\/\/frednogier.com\/?page_id=52","name":"About - It\u2019s playtime.","isPartOf":{"@id":"https:\/\/frednogier.com\/#website"},"primaryImageOfPage":{"@id":"https:\/\/frednogier.com\/?page_id=52#primaryimage"},"image":{"@id":"https:\/\/frednogier.com\/?page_id=52#primaryimage"},"thumbnailUrl":"https:\/\/frednogier.com\/wp-content\/uploads\/2024\/09\/11_SHADOW_Fred_Nogier255.jpg","datePublished":"2024-09-25T19:13:37+00:00","dateModified":"2024-10-24T19:01:17+00:00","description":"Fred Nogier is a street photographer whose particularity is that he stages his shadow in small happenings.","breadcrumb":{"@id":"https:\/\/frednogier.com\/?page_id=52#breadcrumb"},"inLanguage":"en-US","potentialAction":[{"@type":"ReadAction","target":["https:\/\/frednogier.com\/?page_id=52"]}]},{"@type":"ImageObject","inLanguage":"en-US","@id":"https:\/\/frednogier.com\/?page_id=52#primaryimage","url":"https:\/\/frednogier.com\/wp-content\/uploads\/2024\/09\/11_SHADOW_Fred_Nogier255.jpg","contentUrl":"https:\/\/frednogier.com\/wp-content\/uploads\/2024\/09\/11_SHADOW_Fred_Nogier255.jpg","width":1500,"height":2000,"caption":"Nice"},{"@type":"BreadcrumbList","@id":"https:\/\/frednogier.com\/?page_id=52#breadcrumb","itemListElement":[{"@type":"ListItem","position":1,"name":"Home","item":"https:\/\/frednogier.com\/"},{"@type":"ListItem","position":2,"name":"About"}]},{"@type":"WebSite","@id":"https:\/\/frednogier.com\/#website","url":"https:\/\/frednogier.com\/","name":"Fred Nogier Photography","description":"Fred Nogier, urban explorer and photographer.","publisher":{"@id":"https:\/\/frednogier.com\/#\/schema\/person\/5ead4831fd8b3f01cf94047adcd6d961"},"alternateName":"It\u2019s playtime","potentialAction":[{"@type":"SearchAction","target":{"@type":"EntryPoint","urlTemplate":"https:\/\/frednogier.com\/?s={search_term_string}"},"query-input":{"@type":"PropertyValueSpecification","valueRequired":true,"valueName":"search_term_string"}}],"inLanguage":"en-US"},{"@type":["Person","Organization"],"@id":"https:\/\/frednogier.com\/#\/schema\/person\/5ead4831fd8b3f01cf94047adcd6d961","name":"admin","image":{"@type":"ImageObject","inLanguage":"en-US","@id":"https:\/\/frednogier.com\/#\/schema\/person\/image\/","url":"https:\/\/frednogier.com\/wp-content\/uploads\/2024\/09\/Logo.jpg","contentUrl":"https:\/\/frednogier.com\/wp-content\/uploads\/2024\/09\/Logo.jpg","width":150,"height":150,"caption":"admin"},"logo":{"@id":"https:\/\/frednogier.com\/#\/schema\/person\/image\/"},"sameAs":["https:\/\/frednogier.com"]}]}},"_links":{"self":[{"href":"https:\/\/frednogier.com\/index.php?rest_route=\/wp\/v2\/pages\/52","targetHints":{"allow":["GET"]}}],"collection":[{"href":"https:\/\/frednogier.com\/index.php?rest_route=\/wp\/v2\/pages"}],"about":[{"href":"https:\/\/frednogier.com\/index.php?rest_route=\/wp\/v2\/types\/page"}],"author":[{"embeddable":true,"href":"https:\/\/frednogier.com\/index.php?rest_route=\/wp\/v2\/users\/1"}],"replies":[{"embeddable":true,"href":"https:\/\/frednogier.com\/index.php?rest_route=%2Fwp%2Fv2%2Fcomments&post=52"}],"version-history":[{"count":19,"href":"https:\/\/frednogier.com\/index.php?rest_route=\/wp\/v2\/pages\/52\/revisions"}],"predecessor-version":[{"id":390,"href":"https:\/\/frednogier.com\/index.php?rest_route=\/wp\/v2\/pages\/52\/revisions\/390"}],"wp:featuredmedia":[{"embeddable":true,"href":"https:\/\/frednogier.com\/index.php?rest_route=\/wp\/v2\/media\/69"}],"wp:attachment":[{"href":"https:\/\/frednogier.com\/index.php?rest_route=%2Fwp%2Fv2%2Fmedia&parent=52"}],"curies":[{"name":"wp","href":"https:\/\/api.w.org\/{rel}","templated":true}]}}